*n + 3. Determine b(w).
17
Let b(y) = -y - 120. Let s(n) = -25. Let w(l) = -2*b(l) + 11*s(l). What is w(9)?
-17
Let f(a) be the second derivative of -a**6/180 + a**4/12 + a. Let q(v) be the third derivative of f(v). Calculate q(-1).
4
Let p(j) be the third derivative of j**6/120 - j**5/15 - 11*j**4/24 - 7*j**3/3 + 576*j**2. What is p(6)?
-8
Let v(w) be the third derivative of -w**5/60 + w**4/12 + 4*w**3/3 + 40*w**2. What is v(6)?
-16
Let i(r) = -r**3 - 10*r**2 - 11*r - 8. Suppose 2*b - 2*o = -18, -o + 4*o + 36 = -4*b. Give i(b).
10
Let a(q) = -5*q**3 + 3*q**2 - 3*q - 5. Let o be a(-1). Let x(i) = 2*i + 1. Calculate x(o).
13
Let v(k) = -k**3 + 4*k**2 - k - 4. Let f(r) = 2*r - 12. Let s be f(7). Let g(b) = -12*b**s - 15*b**2 - 4 + 29*b**2. Let u be g(-2). Determine v(u).
-8
Let l be (4/3)/(8/(-48)). Let f = l - -14. Let s = f - 0. Let j(c) = -c + 8. Give j(s).
2
Let g(q) = -q**2 + 6*q - 1. Let c(d) = -d**3 + 3*d**2 - 4*d + 3. Let t be c(2). Let y be -1 + t*(-9 - 2). Suppose u = -u + y. What is g(u)?
4
Let z be (-167)/(-8) - 2/(-16). Let p = z - 14. Let w(r) = 2*r - 10. Give w(p).
4
Suppose -2 - 1 = a. Let f(b) = 4*b**3 - 5*b**3 + 5*b**2 - 3*b**2 - 5*b**2 + 3*b + 4. Calculate f(a).
-5
Let o(k) = k**2 + k. Let y(r) = 7*r**2 + 11*r - 5. Let h(p) = -6*o(p) + y(p). Let t = 23 - 39. Let m = t - -11. Determine h(m).
-5
Suppose 19*y = 23*y + 12. Let n be 0 + -1 + -2 + y. Let j(r) = r**3 + 5*r**2 - 8*r - 6. What is j(n)?
6
Suppose 0 = 4*s - 5*p + 12 - 132, 145 = 5*s - 5*p. Let q be 1/(-1) - (-21)/1. Let h = s - q. Let r(w) = w + 1. Determine r(h).
6
Let i(w) be the first derivative of -w**5/20 + w**4/3 - w**3/3 + 3*w**2/2 - 4*w + 1. Let u(v) be the first derivative of i(v). Let l = 8 + -5. What is u(l)?
6
Let l be ((-9)/18)/(2/(-12)*1). Let k(d) = d**3 - 2*d**2 - 4*d - 3. What is k(l)?
-6
Let l be -2*(-1 - -3)/(-2). Let z(o) = -8 - 2*o**2 + 3 - 7*o + o**l + 2*o. Let u be 2/(-20)*-5 - (-18)/(-4). What is z(u)?
-1
Suppose -4*h + 32 = 6*y - 5*y, -4*h + 3*y = -16. Let o(n) be the first derivative of 0*n - n**4 + 1/2*n**2 + 0*n**3 + h. Give o(1).
-3
Let b(y) = -2*y**3 - 4*y**2 - 2*y + 1. Let o be (8 - -1)*(-2 - -3). Let x be 8/3 + -3 + 68/6. Let q = o - x. Give b(q).
5
Let t be (199 - 202)/(3/(-2)). Let a(m) be the third derivative of 0*m - 1/24*m**4 + 1/2*m**3 - 15*m**t + 0 - 1/60*m**5. Give a(3).
-9
Let r(t) = t**3 + 13*t**2 + 7*t + 3. Let v = 7 + -5. Let i(q) = 15*q + 4 + 12*q**v - 7*q - 2*q + q**3. Let y(c) = 6*i(c) - 5*r(c). Give y(-7).
2
Let y(i) be the second derivative of i**5/20 + 5*i**4/12 + 2*i**3/3 + i**2 + 4*i + 1. What is y(-3)?
8
Let f(z) = -z**3 - 25*z**2 + 53*z - 23. Let r be f(-27). Let i(o) = -o**2 - 3*o + 27. What is i(r)?
-1
Let t(v) = -3*v - 8. Let s(b) = -b**2 + 15*b + 42. Let j be s(17). Give t(j).
-32
Let z(g) be the third derivative of g**7/168 + g**6/720 + g**5/120 - g**4/8 - g**2. Let k(y) be the second derivative of z(y). Let q = 19 - 20. Calculate k(q).
15
Let x(c) = 3*c - 1. Let p = 271 - 272. Give x(p).
-4
Let g(d) = -d**2 + 2*d - 4. Let x(r) = -r**2 + 17*r - 76. Let i be x(7). Let f(w) = 6 + 2*w**2 - 6*w + w + 2. Let j(o) = i*f(o) - 13*g(o). What is j(-4)?
4
Let w(l) = -l**3 - 3*l**2 + 4*l + 2. Let n be ((-1)/(-2))/(4*8/(-192)). Let o be n/(-5)*10*5/(-10). What is w(o)?
-10
Let g(j) = 2*j**2 + 12*j - 8. Let r be g(-6). Let p = r + 0. Let b(d) = -d**3 - 8*d**2. Give b(p).
0
Let z(u) = 143*u - 139*u - 3*u**2 + 2 + 4*u**2. Give z(-4).
2
Let j(p) = -p**2 + 3*p + 3. Suppose -2*y + 26 = -5*u, 5*y + 4 = -6. Let n = -4 - u. Suppose -10 = -2*i - n. Determine j(i).
-1
Suppose 0 = -3*x + 2 + 10, -4*x = -4*z - 8. Suppose 3*i = y - 15, 3*i + i = -4*y - 20. Suppose -10*p + 8*p - z = y. Let s(w) = 8*w**2 + 2*w + 1. Give s(p).
7
Suppose -18*i = -20*i + 6. Suppose -2*q - 14 = s + i, -22 = s + 3*q. Let j(z) = -z**2 - 7*z - 5. Determine j(s).
-5
Let i(s) = -8*s + 9. Let j(l) = 7*l - 8. Let f(t) = -5*i(t) - 6*j(t). Suppose -3*q = -q - 4, 0 = -2*p - 4*q - 6. Determine f(p).
17
Let b(f) = 5*f**2 + f - 7. Let v(c) be the third derivative of -c**5/10 + 7*c**3/6 - 2*c**2. Let x be 33/6 + (-6)/4. Let i(r) = x*v(r) + 5*b(r). Give i(-6).
-1
Let h(c) = -2*c - 17. Let f be h(-12). Suppose 5*q + 2 = f. Let t(o) = 6*o**3 + o - 1. Determine t(q).
6
Let f(j) be the first derivative of j**3/3 + 9*j**2/2 + 3*j + 35. Determine f(-7).
-11
Let y(l) = 2*l**2 + 7*l - 2. Let w be (-762)/(-12) - (-6)/(-4). Let h = -67 + w. Determine y(h).
13
Let p = -16 + 10. Let k(t) = -t**2 - 12*t + 11. Let q(j) = -j**2 - 13*j + 13. Let u(l) = -6*k(l) + 5*q(l). Give u(p).
-7
Let s(p) = 2*p**3 + 17*p**2 + 7*p - 4. Let x(y) = -y**3 + 17*y**2 + y - 25. Let c be x(17). Give s(c).
4
Let s(w) = w**3 + 0*w**3 + 1 + 3*w**2 - 2*w + w. Suppose -6*h + 1084 = 148. Let q be h/(-72) + (-1)/(-6). Give s(q).
7
Let i(r) be the third derivative of -r**5/60 - r**4/2 - 3*r**3/2 + 18*r**2. Let s be i(-11). Let c(f) = -2*f + 3. Give c(s).
-1
Let c(w) = w**3 - 5*w**2 + 5*w - 2. Let q be c(4). Let s(h) = -8 - 7*h + 4*h**2 - 2*h**2 - 3*h**q. Let o = -8928 + 8922. What is s(o)?
-2
Let x(g) = g**2. Let m(w) = -4*w**2 - 4*w + 2 - 4 + 3*w + 9*w. Let q(y) = m(y) + 5*x(y). Determine q(-8).
-2
Let x(y) = -y - 7*y + 7*y - 3*y - 2. Let z(b) = -b + 1. Let p be z(7). Let n be (-3)/2*(-8)/p. What is x(n)?
6
Let b(v) = 3*v + 10. Let p(c) = 14*c + 38. Let k(t) = 9*b(t) - 2*p(t). Give k(19).
-5
Let b(c) be the second derivative of c**4/12 - c**3/6 + 11*c**2/2 - c + 93. Give b(0).
11
Let d = -5 + 8. Let j(p) = 3*p**3 - 4*p**3 - d + p - p**2 - 1 + 3. Determine j(-2).
1
Let h be (-9 + 4)/5*5. Let x(i) = i**2 + 7*i - 3. Calculate x(h).
-13
Let y(h) = 0*h**2 - 253*h + 5*h**2 + 259*h - 6*h**2 - 8. Calculate y(6).
-8
Suppose 6*o - 16 = 5*o. Suppose -9 = -5*q + o. Let w(u) be the second derivative of u**5/20 - 5*u**4/12 - u**3/6 + 3*u**2 + u. Calculate w(q).
1
Let n(s) be the first derivative of s**2 - 1/24*s**4 + 12 - 1/6*s**3 + 0*s + 1/60*s**5. Let y(m) be the second derivative of n(m). Determine y(0).
-1
Let m = 37 - 33. Let h(j) = -2*j - m*j + 4 + 6*j**2 + 4*j**3 + j - 5*j**3. Let v = 8 - 3. Give h(v).
4
Let n(g) be the third derivative of g**5/60 + g**4/6 + g**3/3 + g**2. Let h be 4/14 + 12/7. Suppose -h*j = 2*j + 16. Calculate n(j).
2
Let m = 571 - 581. Let y(z) = -9*z - z**2 - z + 2 - 7. Calculate y(m).
-5
Suppose -5*n = 3 - 13. Let v(q) = 3*q**2 - 6*q + 3. Let o(y) = 9 + y - 5*y + 9*y**2 - 2*y - 13*y. Let x(w) = 2*o(w) - 7*v(w). Calculate x(n).
-7
Let z(y) = 4*y**2 + 8*y**3 + 3*y - 5*y**2 - 9 - 9*y**2 - 7*y**3. Determine z(10).
21
Suppose -5*u - 3*n - 44 = 0, -u - n - 28 = 2*u. Let s(o) = -9*o**2 - 9*o + 5. Let h(b) = -20*b**2 - 18*b + 11. Let z(p) = -4*h(p) + 9*s(p). Determine z(u).
-9
Suppose -12*d + 147 = 147. Let n(i) = i + 15. Give n(d).
15
Let g be (-1)/4 + 50/40 + -5. Let q(t) = 3*t**3 + 11*t**2 - 7*t - 6. What is q(g)?
6
Suppose 21*a - 11*a = 40. Let o(x) = -x**2 + 5*x - 7. Determine o(a).
-3
Let a(s) = 9*s**3 + 40*s**2 - 2*s - 26. Let c(v) = -5*v**3 - 21*v**2 + v + 14. Let i(r) = -6*a(r) - 11*c(r). Determine i(9).
11
Let a(k) = k**3 - 11*k**2 - 13*k + 9. Suppose 9*x = -11*x + 240. Calculate a(x).
-3
Let s(l) = -l**3 - 12*l**2 + 13*l + 13. Let f = 280 - 293. Determine s(f).
13
Let x(u) = -4*u - 2*u**3 - 5*u + 3*u + 3*u + u**3 - 13 - 12*u**2. Give x(-12).
23
Let g(p) be the third derivative of 0 + 0*p - p**2 + 1/24*p**4 - 1/6*p**3. Let m(w) = 3*w**3 - 7*w**2 + 5*w. Let d be m(2). Determine g(d).
5
Let v(s) be the first derivative of s**4/4 - 4*s**3/3 + s**2/2 + 3*s - 19. Let w = -21 + 14. Let f(x) = x**2 + 8*x + 10. Let g be f(w). Determine v(g).
-3
Let x(s) = 26*s**2 - 1. Let z = -196 - -195. Determine x(z).
25
Let f be (-3)/(24/50) - 1/(-4). Let v be -4 + 15/f - 3/(-6). Let t(m) = -2*m - 4 - m**2 - 4 - 5*m. What is t(v)?
-2
Let g(p) = p**2 + 2*p + 7. Suppose 3*y = -0*y. Calculate g(y).
7
Let s be (-5)/35 - (-6)/14*-2. Let q(a) = -4*a + 5*a + a**2 + 0*a - 5*a**3 + 20*a**3. Calculate q(s).
-15
Let b(s) = -3*s + 17. Let d be 58/10 - 9/(-45). Let r be b(d). Let m(k) = 1 - 7*k**2 + 2*k + 13*k**2 + 5*k**2 + k**2. Determine m(r).
11
Let k(d) be the third derivative of -d**4/24 - 5*d**3/3 - 5*d**2. Let z be k(-11). Let a(m) = 4*m**3 - 2*m + 1. Determine a(z).
3
Let u(a) be the first derivative of -2*a - 1/2*a**2 + 12